 second derivative of -13*i**3/6 + 11*i**2/2 + i + 346. What is s(-6)?
89
Let p(j) = 2*j**2 + 8*j - 11. Let q(c) = -5*c**2 - 17*c + 25. Let w(m) = -9*p(m) - 4*q(m). Give w(2).
-1
Let s(q) = -7*q**3 - 5*q**2 + q - 2. Let o(p) = 6*p**3 - 22*p**2 + 7*p - 10. Let w(k) = -o(k) + 4*s(k). What is w(1)?
-33
Let m(n) = 268*n - 9089. Let s be m(34). Let t(r) = 2*r + 33. Calculate t(s).
79
Let x = -87 - -83. Let y(h) = -8*h - 21. Let v be y(x). Suppose 3*p + 14 = v. Let i(w) = 7*w**3 - w**2 - 2*w - 1. Give i(p).
-7
Let w(f) = 58*f**2 + 49*f - 31. Let p(j) = 10*j**2 + 4*j. Let t(m) = -6*p(m) + w(m). What is t(16)?
-143
Let s(d) = 33*d - 124. Let q be s(4). Let p(l) = -28*l + 30 - l**2 + 7*l + 4*l + q*l. What is p(-12)?
-6
Let j(b) = -17*b + 125. Suppose -454 = -109*y - 20*y + 449. Determine j(y).
6
Suppose 5*w = -25, 5*w + 171 = 4*m - 34. Let b = m - 50. Let n(h) = h + 1. Let c(v) = -v**2 - 2*v + 7. Let u(k) = -c(k) + 4*n(k). Give u(b).
-8
Let u be (4/3)/((-16)/(-36)). Let r(z) = -z**u - 5 + 11*z + 0 - z - 9*z**2. Suppose 5*q = -2*v + 3*v + 25, 3*q = 9. What is r(v)?
-5
Let d(f) = -4*f**2 + 2*f + 3. Suppose -z + 1786 = -3*q, -2*q + 0*q + 3*z = 1193. Let c be q/187 - (-2)/11. Give d(c).
-39
Let k(s) = -9*s**2 + 1. Suppose 43*w - 41*w - 6 = 0. Suppose -207 = -5*l - w*p, -2*p - 109 = -6*l + 3*l. Let y = l + -40. Give k(y).
-8
Let w(o) = -193*o**2 + 8*o - 46. Let v(a) = 139*a**2 - 6*a + 33. Let k(b) = -25*v(b) - 18*w(b). Let j(d) = 2 - 3 + 5*d + 2*d. Let s be j(1). Calculate k(s).
3
Suppose -31*u + 26*u - 25 = 0. Let t(j) be the third derivative of -j**6/720 + 3*j**4/4 - 11*j**2. Let y(w) be the second derivative of t(w). Determine y(u).
5
Let v(u) = -u**2 + u. Let k(a) = -2*a**2 + 4*a - 5. Let d be 48/(-15) - -3*4/60. Let q(m) = d*v(m) + k(m). Calculate q(4).
15
Let d(q) = 7*q**2 + 5*q + 2. Let y(f) = -28*f**2 - 20*f - 9. Let i(j) = 18*d(j) + 4*y(j). Let x be i(-1). Let z(a) = a**2 + 2*a - 4. What is z(x)?
20
Suppose -f + 2*t - 5*t + 1 = 0, -f = 4*t - 4. Let v(u) = -10 + 13*u**2 + 41*u - 5*u**2 - 1 + 3 - 44*u + u**3. Determine v(f).
16
Let i(n) = n**3 + 27*n**2 + 9*n + 18. Let h be i(-27). Let s be (-26)/(-3) + (-25)/(h/(-6)). Let f(z) = -2*z**2 + 17*z - 10. What is f(s)?
-2
Let z(x) be the second derivative of x**4/6 - x**3/2 - 3*x**2/2 + 493*x. What is z(-4)?
41
Let g(k) = k**2 + 3*k - 91. Let s be g(-11). Let x(i) = -3*i**3 - 8*i**2 - 6*i + 3. Give x(s).
30
Let w(u) be the third derivative of -1/120*u**6 + 0*u - 1 - 11/24*u**4 - 2*u**2 + 1/6*u**5 + 3/2*u**3. Give w(9).
-9
Suppose 2*y + 54 = 4*y. Let q = y + -25. Let k(r) = -10*r + q*r - 6*r. Calculate k(1).
-14
Let r(d) = 69*d + 454. Suppose -41 = 5*v + 2*q, 473*v + 2*q + 34 = 469*v. Give r(v).
-29
Let h(w) be the second derivative of w**7/2520 - 7*w**6/720 + w**5/30 + 91*w**4/6 + 71*w. Let j(q) be the third derivative of h(q). Determine j(3).
-8
Let s(t) be the third derivative of 1/12*t**4 - 2*t + 0 - 69*t**2 - 1/6*t**3 + 1/10*t**5. Give s(-2).
19
Let l(u) be the first derivative of -u**6/180 - u**5/30 + u**4/12 + 200*u**3/3 - 15. Let m(h) be the third derivative of l(h). Calculate m(4).
-46
Let x(d) = -12*d**3 - 13*d**2 + 31*d + 8. Let w(p) = -5*p**3 - 5*p**2 + 14*p + 4. Let j(k) = 5*w(k) - 2*x(k). Give j(-3).
16
Let f(z) be the first derivative of -z**4/4 - 13*z**3/3 - 6*z**2 + 15*z - 204. Calculate f(-12).
15
Let d(i) be the second derivative of i**3/3 + 17*i**2/2 + 3*i. Suppose 2*x + 17 = -3*v, -4*v - 35*x = -32*x + 22. What is d(v)?
3
Suppose -4*c + p + 30 = 0, -8*c + p = -6*c - 14. Let k(b) be the third derivative of -b + 1/3*b**3 + 0 - 1/24*b**4 + 59*b**2. Give k(c).
-6
Let v = 7 - 3. Let j(l) = -59*l + 27. Let q(d) = -160*d + 74. Let g(m) = -8*j(m) + 3*q(m). Give g(v).
-26
Let o(j) = j**3 - 7*j**2 + 6*j + 7. Let q = -665 + 971. Suppose 26*x = 77*x - q. Give o(x).
7
Let g(k) be the third derivative of k**7/2520 + 7*k**6/720 + k**5/20 - k**4/4 - k**3 + 181*k**2. Let r(p) be the second derivative of g(p). Calculate r(-5).
-4
Let z(k) = 102*k**2 - 178*k + 99*k**2 - 106 + 201*k - 200*k**2. Calculate z(-27).
2
Let x(l) = 16*l + 73. Let z(r) = 2*r + 12. Let o(s) = 6*x(s) - 39*z(s). What is o(2)?
6
Let k(x) be the second derivative of -x**7/2520 - 11*x**6/720 + 2*x**5/15 - 29*x**4/12 - 6*x. Let a(m) be the third derivative of k(m). What is a(-12)?
4
Let f(r) = r**2 - 4*r - 33. Suppose 14*k = 12*k + 16. Let j be f(k). Let d(l) = 3*l - 1. What is d(j)?
-4
Let k(g) = -19*g - 7*g**2 - 22*g + 7 + 371*g**3 + 10 - 370*g**3. Calculate k(-4).
5
Suppose 0 = -90*z - 30*z - 111*z. Let b(w) = w - 10. Determine b(z).
-10
Suppose 0 = 3*l + l + 28. Let d(a) be the first derivative of -a**2/2 - 16*a + 12523. What is d(l)?
-9
Let f(z) = -3*z**3 - 5*z**2 + 3*z + 3. Let x be f(-2). Let n(g) = 0 - x + 0 - 7*g + 0. Suppose 13*s - 3*s = -10. Give n(s).
6
Let a(i) be the first derivative of -i**6/120 + i**5/6 + i**4/2 - 2*i**3 + 12*i**2 - 100. Let q(m) be the second derivative of a(m). Calculate q(11).
-1
Let f(o) = -o**3 + 5*o**2 + 51*o - 21. Let c(y) = 10*y**2 - 211*y + 31. Let a be c(21). Determine f(a).
-11
Let y(f) = 22*f**2 + 44*f + 56. Let u(g) = 8*g**2 + 15*g + 21. Let r(b) = 8*u(b) - 3*y(b). Suppose 3*m - 4*m - 6 = 0. Determine r(m).
0
Let f(g) be the third derivative of 0*g + g**2 + 5/24*g**4 + 1/12*g**5 + 1/3*g**3 + 0 + 1/120*g**6. Let a be ((-13)/5 - -1)/(24/60). Give f(a).
-2
Let w(u) be the third derivative of -u**7/5040 + u**6/80 + 11*u**5/30 + 16*u**2. Let n(b) be the third derivative of w(b). Suppose -a = -0*a. Determine n(a).
9
Let i = 817 + -817. Suppose 4*q + 13*t - 10*t + 55 = i, -5 = 3*q - 5*t. Let k(n) = n**2 + 12*n + 9. Calculate k(q).
-11
Let t be 28 + -24 + -28 + 0. Let m be -1 - 3*t/(-18). Let l(r) = -r**3 - 7*r**2 - 3*r + 3. Determine l(m).
-32
Suppose 35*l - 39*l = -28. Let h(q) = 45300*q + q**2 - 45300*q + l. Calculate h(5).
32
Let j(p) = p**3 + 4*p**2 + 2. Let l be j(-4). Let k(h) = 13 + 6 - 4*h + 3*h - 20 + 3*h**2. What is k(l)?
9
Let m(x) = -9*x**3 + 19*x**2 - 10*x + 14. Let z(q) = 4*q**3 - 9*q**2 + 5*q - 7. Let h be (-4042)/658 + (-6)/7. Let o(l) = h*z(l) - 3*m(l). Calculate o(5).
7
Suppose 2*k + 3 = -1, 0 = 5*c - 4*k - 108. Suppose 0 = -c*g + 24*g + 40. Let m(w) = w + 1. Let x(v) = 8*v + 2. Let s(t) = g*m(t) + x(t). Give s(6).
-20
Let a(x) = -x**2 + 3*x - 6. Suppose -g + 25 = 4*g. Suppose -4*p - 38 = -2*i, i - g*p = -p + 27. Suppose i + 5 = 4*y. Give a(y).
-10
Let d(a) = a**3 - a**2 + a. Let x(n) = -2 + 7*n - 2 - 7*n**2 + 3 + 10*n**3 + 0. Let j(m) = 6*d(m) - x(m). Calculate j(1).
-3
Let q(m) = -4*m + 5. Let c(v) = 11*v - 14. Let b(j) = 6*c(j) + 17*q(j). Let f(p) = 6*p + 2. Let z(y) = 4*b(y) + f(y). Give z(5).
-4
Suppose -9*a + 17*a + 4*t + 24 = 0, -3*t - 8 = -4*a. Let u(y) = -17*y**2 + 4*y + 5. Determine u(a).
-16
Let k(g) = g + 5. Let p(v) = 4*v + 35. Let y be p(-15). Let t be (-30)/y*40/6. Let c be 3/(45/(-40) - (-6)/t). What is k(c)?
-3
Let t(h) = 2*h**3 + 2*h**2 + 17*h + 27. Let q(p) = 5*p**2 + 1. Let j(l) = 2*q(l) + t(l). Calculate j(-5).
-6
Suppose -725 = -102*c + 703. Let n(r) = -3*r + 28. What is n(c)?
-14
Let t(a) = 3*a**2 - 23*a + 2. Let j(n) be the third derivative of -n**5/12 + 5*n**4/3 - 2*n**3/3 + 44*n**2 - 2. Let d(b) = 4*j(b) + 7*t(b). Give d(-1).
0
Let j(d) = -13*d + 19. Let b be j(2). Let u be (-1 - 6 - b)/2. Let p(f) = f**2 - f + 28. Give p(u).
28
Let f(p) = 3*p**3 - 2*p + 2. Suppose c + 2*o + 699 = 0, 34*c - 32*c - 2*o + 1368 = 0. Let a = c - -691. What is f(a)?
22
Let f(j) = 2*j**2 + j + 4. Suppose 7 = 4*i - 5*q + 3, -4*i = -q + 12. Let g(d) = -2*d**2 - 4. Let w(k) = i*g(k) - 5*f(k). Determine w(-5).
-29
Let u = 79 + -76. Suppose 0*a - 2*g = 3*a - 14, -u*a - 4*g + 22 = 0. Let m(y) = -18*y. Determine m(a).
-36
Let j(p) = 4*p**3 + 13*p**2 - 16*p - 1. Let c be j(-4). Let d(f) = -2*f + 3. Give d(c).
-27
Let m be (-4 - -5)/(-1) - -21. Let z(t) = -12 - 9*t**2 + 21*t - 30*t + 0*t**3 + t**3 + m*t. Calculate z(8).
12
Suppose 216*n = 171*n - 45. Let q(o) = 75*o**3 - o - 2. Give q(n).
-76
Let b(o) = o + 13. Let p be b(-7). Suppose 16*j - 6 = 10. Let u(l) = -j - 40*l + 23*l + 19*l. What is u(p)?
11
Let c(b) = b**2 + 4*b - 56. Let z(o) = 20*o**2 + 105*o + 25. Let x be z(-5). Calculate c(x).
-56
Let b(q) = -6 - 10*q + 134*q**2 + q**3 - 102*q**2 - 23*q**2. What is b(-10)?
-6
Let k(